{"id":17,"date":"2015-12-11T17:28:42","date_gmt":"2015-12-11T15:28:42","guid":{"rendered":"https:\/\/verteja.eu\/?page_id=17"},"modified":"2023-11-24T17:04:21","modified_gmt":"2023-11-24T14:04:21","slug":"vertimas-rastu","status":"publish","type":"page","link":"https:\/\/verteja.eu\/?page_id=17","title":{"rendered":"Vertimas ra\u0161tu"},"content":{"rendered":"<h1 style=\"font-size: 35px;\">Vertimas ra\u0161tu<\/h1>\n<p style=\"margin-bottom: 0em;\" align=\"justify\">Teikiamos paslaugos:<\/p>\n<ul style=\"margin-bottom: 1em;\">\n<li>vertimas ra\u0161tu i\u0161 vokie\u010di\u0173 kalbos \u012f lietuvi\u0173 kalb\u0105,<\/li>\n<li>vertimas ra\u0161tu i\u0161 lietuvi\u0173 kalbos \u012f vokie\u010di\u0173 kalb\u0105,<\/li>\n<li>versto teksto redagavimas.<\/li>\n<\/ul>\n<p align=\"justify\">D\u0117l \u012fkaini\u0173 galite teirautis <a href=\"https:\/\/verteja.eu\/lt\/kontaktai\/\">el. pa\u0161tu<\/a>.<\/p>\n","protected":false},"excerpt":{"rendered":"<p>Vertimas ra\u0161tu Teikiamos paslaugos: vertimas ra\u0161tu i\u0161 vokie\u010di\u0173 kalbos \u012f lietuvi\u0173 kalb\u0105, vertimas ra\u0161tu i\u0161 lietuvi\u0173 kalbos \u012f vokie\u010di\u0173 kalb\u0105, versto teksto redagavimas. D\u0117l \u012fkaini\u0173 galite teirautis el. pa\u0161tu.<\/p>\n","protected":false},"author":1,"featured_media":0,"parent":0,"menu_order":0,"comment_status":"closed","ping_status":"closed","template":"","meta":{"footnotes":""},"class_list":["post-17","page","type-page","status-publish"],"_links":{"self":[{"href":"https:\/\/verteja.eu\/index.php?rest_route=\/wp\/v2\/pages\/17","targetHints":{"allow":["GET"]}}],"collection":[{"href":"https:\/\/verteja.eu\/index.php?rest_route=\/wp\/v2\/pages"}],"about":[{"href":"https:\/\/verteja.eu\/index.php?rest_route=\/wp\/v2\/types\/page"}],"author":[{"embeddable":true,"href":"https:\/\/verteja.eu\/index.php?rest_route=\/wp\/v2\/users\/1"}],"replies":[{"embeddable":true,"href":"https:\/\/verteja.eu\/index.php?rest_route=%2Fwp%2Fv2%2Fcomments&post=17"}],"version-history":[{"count":11,"href":"https:\/\/verteja.eu\/index.php?rest_route=\/wp\/v2\/pages\/17\/revisions"}],"predecessor-version":[{"id":379,"href":"https:\/\/verteja.eu\/index.php?rest_route=\/wp\/v2\/pages\/17\/revisions\/379"}],"wp:attachment":[{"href":"https:\/\/verteja.eu\/index.php?rest_route=%2Fwp%2Fv2%2Fmedia&parent=17"}],"curies":[{"name":"wp","href":"https:\/\/api.w.org\/{rel}","templated":true}]}}