{"id":345,"date":"2023-11-24T15:28:28","date_gmt":"2023-11-24T12:28:28","guid":{"rendered":"https:\/\/verteja.eu\/sveiki-uzsuke-i-jurates-zukauskaites-svetaine-de_de\/"},"modified":"2023-11-24T15:28:28","modified_gmt":"2023-11-24T12:28:28","slug":"sveiki-uzsuke-i-jurates-zukauskaites-svetaine-de_de","status":"publish","type":"page","link":"https:\/\/verteja.eu\/?page_id=345&lang=de","title":{"rendered":"Sveiki u\u017esuk\u0119 \u012f J\u016brat\u0117s \u017dukauskait\u0117s svetain\u0119! &#8211; de_DE"},"content":{"rendered":"","protected":false},"excerpt":{"rendered":"","protected":false},"author":1,"featured_media":0,"parent":0,"menu_order":0,"comment_status":"closed","ping_status":"closed","template":"","meta":{"footnotes":""},"class_list":["post-345","page","type-page","status-publish"],"_links":{"self":[{"href":"https:\/\/verteja.eu\/index.php?rest_route=\/wp\/v2\/pages\/345","targetHints":{"allow":["GET"]}}],"collection":[{"href":"https:\/\/verteja.eu\/index.php?rest_route=\/wp\/v2\/pages"}],"about":[{"href":"https:\/\/verteja.eu\/index.php?rest_route=\/wp\/v2\/types\/page"}],"author":[{"embeddable":true,"href":"https:\/\/verteja.eu\/index.php?rest_route=\/wp\/v2\/users\/1"}],"replies":[{"embeddable":true,"href":"https:\/\/verteja.eu\/index.php?rest_route=%2Fwp%2Fv2%2Fcomments&post=345"}],"version-history":[{"count":0,"href":"https:\/\/verteja.eu\/index.php?rest_route=\/wp\/v2\/pages\/345\/revisions"}],"wp:attachment":[{"href":"https:\/\/verteja.eu\/index.php?rest_route=%2Fwp%2Fv2%2Fmedia&parent=345"}],"curies":[{"name":"wp","href":"https:\/\/api.w.org\/{rel}","templated":true}]}}

Sveiki užsukę į Jūratės Žukauskaitės svetainę! &#8211; de_DE
