{"id":49,"date":"2015-12-11T19:43:51","date_gmt":"2015-12-11T17:43:51","guid":{"rendered":"https:\/\/verteja.eu\/?page_id=49"},"modified":"2023-11-24T16:15:05","modified_gmt":"2023-11-24T13:15:05","slug":"home","status":"publish","type":"page","link":"https:\/\/verteja.eu\/?page_id=49&lang=de","title":{"rendered":""},"content":{"rendered":"<p align=\"justify\">Als professionelle \u00dcbersetzerin und Dolmetscherin mit einer <a href=\"http:\/\/europa.eu\/interpretation\/accreditation_de.htm\" target=\"_blank\" rel=\"noopener\">Akkreditierung<\/a> als freiberufliche Dolmetscherin f\u00fcr die EU-Institutionen biete ich Ihnen die <b>Sprachkombinationen Litauisch\u2013Deutsch und Deutsch\u2013Litauisch<\/b> an \u2013 sowohl schriftlich, als auch m\u00fcndlich. Wenn Sie \u00dcbersetzungs- und Dolmetschdienstleistungen von hoher Qualit\u00e4t ben\u00f6tigen, dann wenden Sie sich an mich per <a href=\"mailto:info@verteja.eu\" target=\"_top\" rel=\"noopener\">Email<\/a>.<\/p>\n","protected":false},"excerpt":{"rendered":"<p>Als professionelle \u00dcbersetzerin und Dolmetscherin mit einer Akkreditierung als freiberufliche Dolmetscherin f\u00fcr die EU-Institutionen biete ich Ihnen die Sprachkombinationen Litauisch\u2013Deutsch und Deutsch\u2013Litauisch an \u2013 sowohl schriftlich, als auch m\u00fcndlich. Wenn Sie \u00dcbersetzungs- und Dolmetschdienstleistungen von hoher Qualit\u00e4t ben\u00f6tigen, dann wenden Sie sich an mich per Email.<\/p>\n","protected":false},"author":1,"featured_media":0,"parent":0,"menu_order":0,"comment_status":"closed","ping_status":"closed","template":"","meta":{"footnotes":""},"class_list":["post-49","page","type-page","status-publish"],"_links":{"self":[{"href":"https:\/\/verteja.eu\/index.php?rest_route=\/wp\/v2\/pages\/49","targetHints":{"allow":["GET"]}}],"collection":[{"href":"https:\/\/verteja.eu\/index.php?rest_route=\/wp\/v2\/pages"}],"about":[{"href":"https:\/\/verteja.eu\/index.php?rest_route=\/wp\/v2\/types\/page"}],"author":[{"embeddable":true,"href":"https:\/\/verteja.eu\/index.php?rest_route=\/wp\/v2\/users\/1"}],"replies":[{"embeddable":true,"href":"https:\/\/verteja.eu\/index.php?rest_route=%2Fwp%2Fv2%2Fcomments&post=49"}],"version-history":[{"count":22,"href":"https:\/\/verteja.eu\/index.php?rest_route=\/wp\/v2\/pages\/49\/revisions"}],"predecessor-version":[{"id":404,"href":"https:\/\/verteja.eu\/index.php?rest_route=\/wp\/v2\/pages\/49\/revisions\/404"}],"wp:attachment":[{"href":"https:\/\/verteja.eu\/index.php?rest_route=%2Fwp%2Fv2%2Fmedia&parent=49"}],"curies":[{"name":"wp","href":"https:\/\/api.w.org\/{rel}","templated":true}]}}

<p align="justify">Als professionelle Übersetzerin und Dolmetscherin mit einer <a href="http://europa.eu/interpretation/accreditation_de.htm" target="_blank" rel="noopener">Akkreditierung</a> als freiberufliche Dolmetscherin für die EU-Institutionen biete ich Ihnen die <b>Sprachkombinationen Litauisch–Deutsch und Deutsch–Litauisch</b> an – sowohl schriftlich, als auch mündlich. Wenn Sie Übersetzungs- und Dolmetschdienstleistungen von hoher Qualität benötigen, dann wenden Sie sich an mich per <a href="mailto:info@verteja.eu" target="_top" rel="noopener">Email</a>.</p>

<p>Als professionelle Übersetzerin und Dolmetscherin mit einer Akkreditierung als freiberufliche Dolmetscherin für die EU-Institutionen biete ich Ihnen die Sprachkombinationen Litauisch–Deutsch und Deutsch–Litauisch an – sowohl schriftlich, als auch mündlich. Wenn Sie Übersetzungs- und Dolmetschdienstleistungen von hoher Qualität benötigen, dann wenden Sie sich an mich per Email.</p>
