{"id":53,"date":"2015-12-11T19:46:35","date_gmt":"2015-12-11T17:46:35","guid":{"rendered":"https:\/\/verteja.eu\/?page_id=53"},"modified":"2023-11-24T16:58:05","modified_gmt":"2023-11-24T13:58:05","slug":"kontakt","status":"publish","type":"page","link":"https:\/\/verteja.eu\/?page_id=53&lang=de","title":{"rendered":"Kontakt"},"content":{"rendered":"<p>Wenn Sie professionelle Dolmetsch- oder \u00dcbersetzungsleistungen ben\u00f6tigen oder eine Einsch\u00e4tzung der Kosten w\u00fcnschen, stehe ich Ihnen gerne zur Verf\u00fcgung. Bitte z\u00f6gern Sie nicht, mich per E-Mail zu kontaktieren. Ich freue mich darauf, von Ihnen zu h\u00f6ren und Ihnen bei Ihren sprachlichen Anliegen behilflich zu sein.<\/p>\n<p>Kontaktieren Sie mich unter:<\/p>\n<p><img loading=\"lazy\" decoding=\"async\" class=\"size-full wp-image-372 alignleft\" src=\"https:\/\/verteja.eu\/wp-content\/uploads\/2023\/11\/Capture.jpg\" alt=\"\" width=\"197\" height=\"63\" \/><\/p>\n\n\n<p><\/p>\n","protected":false},"excerpt":{"rendered":"<p>Wenn Sie professionelle Dolmetsch- oder \u00dcbersetzungsleistungen ben\u00f6tigen oder eine Einsch\u00e4tzung der Kosten w\u00fcnschen, stehe ich Ihnen gerne zur Verf\u00fcgung. Bitte z\u00f6gern Sie nicht, mich per E-Mail zu kontaktieren. Ich freue mich darauf, von Ihnen zu h\u00f6ren und Ihnen bei Ihren sprachlichen Anliegen behilflich zu sein. Kontaktieren Sie mich unter:<\/p>\n","protected":false},"author":1,"featured_media":0,"parent":0,"menu_order":0,"comment_status":"closed","ping_status":"closed","template":"","meta":{"footnotes":""},"class_list":["post-53","page","type-page","status-publish"],"_links":{"self":[{"href":"https:\/\/verteja.eu\/index.php?rest_route=\/wp\/v2\/pages\/53","targetHints":{"allow":["GET"]}}],"collection":[{"href":"https:\/\/verteja.eu\/index.php?rest_route=\/wp\/v2\/pages"}],"about":[{"href":"https:\/\/verteja.eu\/index.php?rest_route=\/wp\/v2\/types\/page"}],"author":[{"embeddable":true,"href":"https:\/\/verteja.eu\/index.php?rest_route=\/wp\/v2\/users\/1"}],"replies":[{"embeddable":true,"href":"https:\/\/verteja.eu\/index.php?rest_route=%2Fwp%2Fv2%2Fcomments&post=53"}],"version-history":[{"count":10,"href":"https:\/\/verteja.eu\/index.php?rest_route=\/wp\/v2\/pages\/53\/revisions"}],"predecessor-version":[{"id":373,"href":"https:\/\/verteja.eu\/index.php?rest_route=\/wp\/v2\/pages\/53\/revisions\/373"}],"wp:attachment":[{"href":"https:\/\/verteja.eu\/index.php?rest_route=%2Fwp%2Fv2%2Fmedia&parent=53"}],"curies":[{"name":"wp","href":"https:\/\/api.w.org\/{rel}","templated":true}]}}

<p>Wenn Sie professionelle Dolmetsch- oder Übersetzungsleistungen benötigen oder eine Einschätzung der Kosten wünschen, stehe ich Ihnen gerne zur Verfügung. Bitte zögern Sie nicht, mich per E-Mail zu kontaktieren. Ich freue mich darauf, von Ihnen zu hören und Ihnen bei Ihren sprachlichen Anliegen behilflich zu sein.</p>
<p>Kontaktieren Sie mich unter:</p>
<p><img loading="lazy" decoding="async" class="size-full wp-image-372 alignleft" src="https://verteja.eu/wp-content/uploads/2023/11/Capture.jpg" alt="" width="197" height="63" /></p>


<p></p>

<p>Wenn Sie professionelle Dolmetsch- oder Übersetzungsleistungen benötigen oder eine Einschätzung der Kosten wünschen, stehe ich Ihnen gerne zur Verfügung. Bitte zögern Sie nicht, mich per E-Mail zu kontaktieren. Ich freue mich darauf, von Ihnen zu hören und Ihnen bei Ihren sprachlichen Anliegen behilflich zu sein. Kontaktieren Sie mich unter:</p>
